4*a**2 + 3*a**3 - 6*a**3. Determine g(t).
6
Let n(c) be the second derivative of 5*c**4/12 - c**2/2 - c. Let l(j) = -37*j**2 + j + 1. Let s be l(-1). Let i = s - -36. Determine n(i).
4
Let v(y) = y**2 - 5*y - 8. Let z be v(6). Let u(t) = 272*t**2 - 544*t**2 - t + 271*t**2. What is u(z)?
-2
Let x(q) be the first derivative of 10*q**2 - 402. Give x(2).
40
Let n = -2946 - -2952. Let h(b) = -2*b**2 + 6*b - 6. Determine h(n).
-42
Let u(l) = -l**3 + 3*l**2 - 4*l + 2. Let t = -29 - -34. Let b be t + (0 - -3) + -5. Determine u(b).
-10
Let u(i) = 4*i**2 + 4*i + 4. Let y be u(-2). Suppose 8*j + y = 12*j. Let v(h) be the third derivative of h**4/12 - h**3/6 - h**2. What is v(j)?
5
Let g(c) = -2*c + 9. Let s = 0 - -5. Let k = 7 - s. Suppose -k*y = -0*y + 3*z - 21, 2*y - 3*z = 3. Give g(y).
-3
Let x(w) be the first derivative of -w**3/3 - 3*w**2/2 + w + 18. Suppose 2*k - 15 = d - 5, 3*d + 2*k + 6 = 0. Calculate x(d).
-3
Let s(r) = -2*r**3 + 2*r**2 + 2*r - 2. Let p be (-4)/(-14) - (-58)/(-7). Let t be 1/1 - (5 + p). Suppose -6 = -f + t*g, g + 1 = 3*f - 6. Determine s(f).
-6
Let j(x) = -x + 9. Let y(d) = -2*d**3 + 9*d**2 - 6*d + 21. Let g be y(4). What is j(g)?
-4
Let a(h) = -h**2 - 9*h - 4. Let r(q) = q**2 - 5*q - 241. Let f be r(18). What is a(f)?
10
Let r(z) = -7*z**2 + 67 + 12*z**2 - 69. Calculate r(2).
18
Let h(i) = -i**2 - 3*i + 1. Suppose -r + 2*l = 6 + 7, -36 = 4*r - 4*l. What is h(r)?
-9
Let i(l) = 4*l**2 - 4*l + 5. Let r be i(2). Let p(m) = r + 4*m - 14 + 3*m. Give p(-1).
-8
Let i(f) = -f**3 + 8*f**2 + 4*f - 11. Suppose 2*t - 31 = 3*p, 0 = -18*t + 17*t - 3*p - 7. Determine i(t).
21
Let w(d) = 3 + 50*d + 4*d - 59*d. Calculate w(-2).
13
Let u be (-4)/14 + (-10)/14. Suppose -13 = -2*q - 9. Let j(z) = -8*z + 11*z + 2*z**q - 2*z. Calculate j(u).
1
Suppose 2*z = 3*u - 11, -3*u + 6*z = 5*z - 10. Let b(d) = d**3 - 7*d**2 + 2*d - 3. Determine b(u).
-33
Let n(w) = -1 + 0*w**3 - 3*w**3 + w**3 + 2*w**2. Let u be -2 - (-4 + (0 - 1)). Suppose u = 5*x - 8*x. What is n(x)?
3
Suppose 0*r - 35 = 5*r. Let f(k) = -k - 4. Let x be f(r). Let c(j) = -j**2 + 3*j + 1. Determine c(x).
1
Suppose 3*v = 5*f - 32, 4 = -4*f - 4. Let n be ((-40)/v)/((-22)/(-77)). Let g be (n - (-1 + 3)) + -3. Let u(t) = -t**2 + 6*t - 2. Determine u(g).
3
Let h(m) = m**3 - 4*m**2 - 3*m - 7. Let f be h(5). Let l(r) = 2*r - 5*r**f - r**3 + 7*r**3 - 4*r**2 + 0*r + 2. What is l(4)?
10
Let q(c) = 3*c**3 + 7*c**2 + 2*c + 2. Let s(y) = 7*y**3 + 14*y**2 + 3*y + 2. Let w(b) = -5*q(b) + 2*s(b). Give w(-6).
-18
Let x(q) = -204*q - 3 + 0 + 202*q. Suppose i + 0*i = 8. What is x(i)?
-19
Suppose -21 - 63 = 4*v. Let g = -22 - v. Let j(y) be the first derivative of 13*y**4/4 + y**3/3 + y**2/2 + y - 1. What is j(g)?
-12
Let t(z) = 1 - z + 0*z - z**2 - 4. Let u = 515 + -515. Determine t(u).
-3
Suppose 8*v + v - 45 = 0. Suppose v*c + d + 6 + 3 = 0, -d = 4*c + 7. Let t(o) = 1 + 0*o - o + 3*o + o**2. Determine t(c).
1
Let k(z) = 7*z + 4. Let m(l) be the second derivative of l**3/6 + l**2/2 + 23*l. Let y(x) = k(x) - 6*m(x). Determine y(6).
4
Let m(q) = -q**2 + 9*q + 5. Let i = -129 - -134. Give m(i).
25
Let z(i) = i - 9. Let f be 1*11 + -7 + 8. Let d be z(f). Let p be 4/3*d*-1. Let b(m) = m**3 + 3*m**2 - 4*m + 5. Determine b(p).
5
Let u(k) be the first derivative of -k**4/4 - 5*k**3/3 + k**2/2 + 4*k - 1. Suppose -46 + 1 = 9*a. Give u(a).
-1
Let w(y) = -y - 1. Suppose 0 = 5*n - 15, -16 = -5*o - 2*n - 0. Let u be (17/(255/50))/(o/(-3)). Determine w(u).
4
Suppose -2*g + 4 = i, i = -0*g + 2*g + 8. Let p(c) = 4*c**2 + c + 0*c - 2*c - i*c + c**3. Calculate p(-5).
10
Let g(b) be the second derivative of -b**5/20 + 7*b**4/12 - 2*b**3/3 - 7*b**2/2 + 22*b. Let r = -24 + 30. What is g(r)?
5
Let f(m) = -m + 28*m**3 + 35*m**3 - 72*m**3. Give f(1).
-10
Let d(m) = 3*m**3 - m**2 - m - 2. Let b(q) = -q**3 - q**2 - q + 1. Let w be (-4)/(-2) - (28 - 28). Let v(l) = w*b(l) + d(l). Determine v(4).
4
Let t be 0 + (-2 - 77/(-11)). Let q(d) = -d**3 + 5*d**2 - 10*d - 4. Calculate q(t).
-54
Suppose 5*g + 2 = h, -h + 0 = 5*g - 2. Let x(z) be the third derivative of 0*z**4 + 0*z - 1/60*z**5 + 3*z**2 + 0*z**3 + 0. Give x(g).
0
Let d be (-11 + -42)*(-1 - -2)/1. Let q = d + 53. Let m(p) = -p**3 + p**2 - 12. Give m(q).
-12
Let w be (-14)/(-2)*(2 + -3). Let l be 2 + (-1 + w)/(-2). Let p(r) = 21*r - 47*r - 12 + 7 + 12*r + 16*r. What is p(l)?
7
Let t(c) = 5*c**2 - 3*c + 1. Let v(b) = 1 + 4*b**2 - 3*b**2 - 2*b**2 - b. Suppose -27 = -8*d + 5. Let p(r) = d*v(r) + t(r). Calculate p(6).
-1
Suppose 4*x = -4*q + 3*q + 1, 0 = 3*q + 3*x - 12. Let y be ((-2)/(-6))/(0 + q/75). Let c(u) = -u**3 + 6*u**2 - 3*u - 2. Give c(y).
8
Let j(x) = 2*x + 2. Suppose 3*h - 9 = -3. Let d be j(h). Let y(g) = 2 - g**2 + 8*g - d*g + 1. Determine y(3).
0
Let g(v) = 23*v - 3*v - 29 - 37 - 28 + 93. What is g(2)?
39
Let a(d) = 5*d**2 + 3*d - 5. Let w(s) = s**2 - s. Let g(n) = a(n) - 4*w(n). Let x = -26 + 29. Let b be x - 4 - -1 - 6. Determine g(b).
-11
Let q(b) = 2. Let g(k) = 3386*k - 3 + 22 - 3384*k. Let j(h) = g(h) - 4*q(h). Give j(-6).
-1
Let b(f) = -5*f**2 - 4*f - 2. Suppose -3*s = -3*h + 2*h + 2, 2*h + 10 = -s. Give b(s).
-14
Let z(r) be the first derivative of -r**3/3 - 7*r**2/2 - 7*r + 1. Let a be z(-6). Let p(j) = -5*j - 1. What is p(a)?
4
Let r(a) = a**2 + 4*a - 8. Suppose 0 = 58*m - 44*m - 84. Determine r(m).
52
Suppose 5 = b - 0*b. Suppose -2*j + 77 = b*j. Let i(r) = -r**2 + 11*r + 3. Give i(j).
3
Let g be (-7 - (-120)/18)*-21. Let z(p) be the first derivative of 5/2*p**2 + 5*p - 1/3*p**3 - g. Calculate z(4).
9
Let v be ((-5)/(-15))/((-3)/9). Let c be (-5)/(20/(-8)) + (1 - v). Let u(y) = y**2 - 3*y - 1. What is u(c)?
3
Let h(b) be the second derivative of 0 + 5/2*b**2 + 12*b + 1/6*b**3. What is h(4)?
9
Let c(w) = -w**2 - 3*w - 2. Suppose 0 = -4*f + z, -3*z = 52*f - 48*f. Give c(f).
-2
Let g(x) be the third derivative of x**4/24 + x**3/6 - 21*x**2. Let q = -3 - 1. Give g(q).
-3
Suppose 5*s - 77 = -4*n, -2*s + 29 = n - 3. Let v = -23 + s. Let u(t) = -3*t + t**3 + 6*t**2 + 1 + 3*t. Give u(v).
1
Let l(y) = -26*y + 19. Let v(j) = -20*j + 14. Let z(u) = -3*l(u) + 4*v(u). Let w = 4 - 10. Determine z(w).
11
Let i(s) = 216*s**3 - 108*s**3 - 9*s**2 + 9 - 6*s - 109*s**3. What is i(-7)?
-47
Let a = 471 - 477. Let j(z) = -2*z - 13. What is j(a)?
-1
Let h(w) = -w**2 + 5*w + 61. Let j be h(-6). Let f(c) = c**2 + 12*c + 2. Determine f(j).
-33
Suppose a - 18*b = -13*b - 16, -5*a - b = -24. Let r(q) = 2*q**2 + 10*q**2 + 2*q - 14*q**2. Calculate r(a).
-24
Let y(a) = 4*a**3 - a**2 - a - 2. Suppose -307*x = -315*x - 16. What is y(x)?
-36
Let c(b) = -35*b + 5. Let p(f) = 16*f - 2. Let m(x) = -2*c(x) - 5*p(x). What is m(-2)?
20
Let p(h) = -4*h + 2. Let d(l) = -3*l + 1. Let b(q) = 6*d(q) - 4*p(q). Suppose 16*c = -2*c - 72. Determine b(c).
6
Let y(g) = -4*g - 1. Let h(p) = p**3 + 8*p**2 + 19*p + 3. Let l(f) = -2*f**3 - 17*f**2 - 37*f - 5. Let m(q) = 11*h(q) + 6*l(q). Let o be m(-13). Give y(o).
-13
Let q(k) = 23*k - 239. Let f be q(11). Let x(n) = n - 12. Calculate x(f).
2
Let j be (-5)/3*(-108)/30. Let i(y) = 5*y - 1. Let s(t) = -6*t + 1. Let u(q) = 4*i(q) + 3*s(q). What is u(j)?
11
Let q be ((-60)/(-24))/(3/(-6)). Let p(b) = b**3 + 3*b**2 - 4*b - 5. Determine p(q).
-35
Let u(y) = -7*y - 43. Let s be u(-7). Let i(p) be the first derivative of 2*p**2 + 8*p + 13. Determine i(s).
32
Let h(s) = -s + 12. Let t = 695 - 689. Give h(t).
6
Let q(a) = -2*a**2 - 24*a - 2. Let n(g) = -5*g**2 - 67*g - 5. Let y(x) = -3*n(x) + 8*q(x). What is y(9)?
-1
Let h(f) be the first derivative of f**6/120 + f**5/60 - f**4/12 - f**3/6 + 27*f**2/2 + 36. Let m(g) be the second derivative of h(g). Determine m(-2).
-1
Let g(k) = -2*k**2 - 4*k**3 + 4*k**3 + 8*k + 7*k**2 - k**3 - 7. Let v = 31 + -1. Let z = -24 + v. Give g(z).
5
Suppose -9*j + 63 = -0. Let a(v) = -6*v - 36 + 8*v**2 + 18 + 9 - v**3. Determine a(j).
-2
Let y(z) = -2*z + 4 + 17 - 20. Calculate y(3).
-5
Let r(a) = -2729 + 3*a - 2*a - 3*a + a + 2730. Let o be -5*1/(5/(-14)). Suppose 0 = 4*t - 4*h + 2*h + o, 17 = 3*t + 4*h. Determine r(t).
2
Let d(s) = s**2 - 21*s + 20. Let c(n) = 2*n**3 + 18*n**2 + 20. Let z be c(-9). Determine d(z).
0
Let i(b) = -b**3 - 2*b**2 - 2*b + 2. Let d(w) = 2*w**3 + 2*w**2 + 2*w - 2. Let z(y) = -3*d(y) - 4*i(y). What is z(2)?
-6
Let q(p)